{"id":989,"date":"2025-12-23T20:41:11","date_gmt":"2025-12-23T23:41:11","guid":{"rendered":"https:\/\/ispi4035-sfe.infd.edu.ar\/sitio\/?page_id=989"},"modified":"2026-03-12T17:17:07","modified_gmt":"2026-03-12T20:17:07","slug":"989-2","status":"publish","type":"page","link":"https:\/\/ispi4035-sfe.infd.edu.ar\/sitio\/989-2\/","title":{"rendered":"Noticias"},"content":{"rendered":"\n<h2 class=\"wp-block-heading\">Inicio de clases<\/h2>\n\n\n\n<p>El mi\u00e9rcoles 25 de marzo iniciaremos las clases en la instituci\u00f3n<\/p>\n\n\n\n<h2 class=\"wp-block-heading\">Matriculaciones 2026<\/h2>\n\n\n\n<p>Hasta el 20de marzo de los estudiantes del Instituto podr\u00e1n acercarse a Alumnado para formalizar su matriculaci\u00f3n<\/p>\n\n\n\n<h2 class=\"wp-block-heading\">Formato h\u00edbrido<\/h2>\n\n\n\n<p>Desde 2026 implementaremos este formato en la instituci\u00f3n, para m\u00e1s detalles conmunicate con nosotros<\/p>\n","protected":false},"excerpt":{"rendered":"<p>Inicio de clases El mi\u00e9rcoles 25 de marzo iniciaremos las clases en la instituci\u00f3n Matriculaciones 2026 Hasta el 20de marzo de los estudiantes del Instituto podr\u00e1n acercarse a Alumnado para formalizar su matriculaci\u00f3n Formato h\u00edbrido Desde 2026 implementaremos este formato en la instituci\u00f3n, para m\u00e1s detalles conmunicate con nosotros<\/p>\n","protected":false},"author":10,"featured_media":0,"parent":0,"menu_order":0,"comment_status":"closed","ping_status":"closed","template":"","meta":[],"_links":{"self":[{"href":"https:\/\/ispi4035-sfe.infd.edu.ar\/sitio\/wp-json\/wp\/v2\/pages\/989"}],"collection":[{"href":"https:\/\/ispi4035-sfe.infd.edu.ar\/sitio\/wp-json\/wp\/v2\/pages"}],"about":[{"href":"https:\/\/ispi4035-sfe.infd.edu.ar\/sitio\/wp-json\/wp\/v2\/types\/page"}],"author":[{"embeddable":true,"href":"https:\/\/ispi4035-sfe.infd.edu.ar\/sitio\/wp-json\/wp\/v2\/users\/10"}],"replies":[{"embeddable":true,"href":"https:\/\/ispi4035-sfe.infd.edu.ar\/sitio\/wp-json\/wp\/v2\/comments?post=989"}],"version-history":[{"count":5,"href":"https:\/\/ispi4035-sfe.infd.edu.ar\/sitio\/wp-json\/wp\/v2\/pages\/989\/revisions"}],"predecessor-version":[{"id":1043,"href":"https:\/\/ispi4035-sfe.infd.edu.ar\/sitio\/wp-json\/wp\/v2\/pages\/989\/revisions\/1043"}],"wp:attachment":[{"href":"https:\/\/ispi4035-sfe.infd.edu.ar\/sitio\/wp-json\/wp\/v2\/media?parent=989"}],"curies":[{"name":"wp","href":"https:\/\/api.w.org\/{rel}","templated":true}]}}