{"id":949,"date":"2025-12-17T16:15:37","date_gmt":"2025-12-17T19:15:37","guid":{"rendered":"https:\/\/ispi4035-sfe.infd.edu.ar\/sitio\/?page_id=949"},"modified":"2025-12-17T16:15:37","modified_gmt":"2025-12-17T19:15:37","slug":"pases-a-nuestra-institucion","status":"publish","type":"page","link":"https:\/\/ispi4035-sfe.infd.edu.ar\/sitio\/pases-a-nuestra-institucion\/","title":{"rendered":"Pases a nuestra instituci\u00f3n"},"content":{"rendered":"\n<p>Agradecemos tu inter\u00e9s en formar parte de nuestra comunidad educativa y continuar tus estudios profesionales con nosotros. Nos complace brindarte la informaci\u00f3n necesaria para el proceso de&nbsp;<strong>ingreso por pase institucional<\/strong>.<\/p>\n\n\n\n<p>En primer lugar debes elaborar una&nbsp;<strong>nota de solicitud&nbsp;<\/strong>dirigida a la directora reemplazante de nuestra instituci\u00f3n, Prof. Virginia Iba\u00f1ez. Junto a esta nota debes anexar el&nbsp;<strong>Certificado de Historia Acad\u00e9mica<\/strong>&nbsp;de la instituci\u00f3n de procedencia, en donde se detallan las materias aprobadas y tus regularidades a la fecha. Ambos documentos deben entregarse en un sobre. En el exterior del sobre, escribe con claridad la siguiente etiqueta<\/p>\n\n\n\n<p><strong>SOLICITUD DE PASE<\/strong><\/p>\n\n\n\n<p>[Tu Nombre y Apellido]<\/p>\n\n\n\n<p>[Nombre de tu Instituci\u00f3n de Origen]<\/p>\n\n\n\n<p>El mismo se entregar\u00e1 a&nbsp;<strong>Alumnado&nbsp;<\/strong>cuyo horario de atenci\u00f3n es de 15 a 18hs.<\/p>\n\n\n\n<p>Las solicitudes ser\u00e1n elevadas a Direcci\u00f3n quien las evaluar\u00e1 y se pondr\u00e1 en contacto a la brevedad para continuar con el proceso.<\/p>\n","protected":false},"excerpt":{"rendered":"<p>Agradecemos tu inter\u00e9s en formar parte de nuestra comunidad educativa y continuar tus estudios profesionales con nosotros. Nos complace brindarte la informaci\u00f3n necesaria para el proceso de&nbsp;ingreso por pase institucional. En primer lugar debes elaborar una&nbsp;nota de solicitud&nbsp;dirigida a la directora reemplazante de nuestra instituci\u00f3n, Prof. Virginia Iba\u00f1ez. Junto a esta nota debes anexar el&nbsp;Certificado &#8230; <a title=\"Pases a nuestra instituci\u00f3n\" class=\"read-more\" href=\"https:\/\/ispi4035-sfe.infd.edu.ar\/sitio\/pases-a-nuestra-institucion\/\" aria-label=\"M\u00e1s en Pases a nuestra instituci\u00f3n\">[+]<\/a><\/p>\n","protected":false},"author":10,"featured_media":0,"parent":0,"menu_order":0,"comment_status":"closed","ping_status":"closed","template":"","meta":[],"_links":{"self":[{"href":"https:\/\/ispi4035-sfe.infd.edu.ar\/sitio\/wp-json\/wp\/v2\/pages\/949"}],"collection":[{"href":"https:\/\/ispi4035-sfe.infd.edu.ar\/sitio\/wp-json\/wp\/v2\/pages"}],"about":[{"href":"https:\/\/ispi4035-sfe.infd.edu.ar\/sitio\/wp-json\/wp\/v2\/types\/page"}],"author":[{"embeddable":true,"href":"https:\/\/ispi4035-sfe.infd.edu.ar\/sitio\/wp-json\/wp\/v2\/users\/10"}],"replies":[{"embeddable":true,"href":"https:\/\/ispi4035-sfe.infd.edu.ar\/sitio\/wp-json\/wp\/v2\/comments?post=949"}],"version-history":[{"count":1,"href":"https:\/\/ispi4035-sfe.infd.edu.ar\/sitio\/wp-json\/wp\/v2\/pages\/949\/revisions"}],"predecessor-version":[{"id":950,"href":"https:\/\/ispi4035-sfe.infd.edu.ar\/sitio\/wp-json\/wp\/v2\/pages\/949\/revisions\/950"}],"wp:attachment":[{"href":"https:\/\/ispi4035-sfe.infd.edu.ar\/sitio\/wp-json\/wp\/v2\/media?parent=949"}],"curies":[{"name":"wp","href":"https:\/\/api.w.org\/{rel}","templated":true}]}}