{"id":1027,"date":"2026-03-03T11:54:14","date_gmt":"2026-03-03T14:54:14","guid":{"rendered":"https:\/\/ispi4035-sfe.infd.edu.ar\/sitio\/?page_id=1027"},"modified":"2026-03-03T11:54:14","modified_gmt":"2026-03-03T14:54:14","slug":"plan-de-estudios","status":"publish","type":"page","link":"https:\/\/ispi4035-sfe.infd.edu.ar\/sitio\/plan-de-estudios\/","title":{"rendered":"Plan de estudios"},"content":{"rendered":"\n<figure class=\"wp-block-image size-full\"><img decoding=\"async\" loading=\"lazy\" width=\"1758\" height=\"664\" src=\"https:\/\/ispi4035-sfe.infd.edu.ar\/sitio\/wp-content\/uploads\/2025\/12\/Captura-de-pantalla-2025-12-17-145731-1.png\" alt=\"\" class=\"wp-image-941\" srcset=\"https:\/\/ispi4035-sfe.infd.edu.ar\/sitio\/wp-content\/uploads\/2025\/12\/Captura-de-pantalla-2025-12-17-145731-1.png 1758w, https:\/\/ispi4035-sfe.infd.edu.ar\/sitio\/wp-content\/uploads\/2025\/12\/Captura-de-pantalla-2025-12-17-145731-1-1000x378.png 1000w, https:\/\/ispi4035-sfe.infd.edu.ar\/sitio\/wp-content\/uploads\/2025\/12\/Captura-de-pantalla-2025-12-17-145731-1-768x290.png 768w, https:\/\/ispi4035-sfe.infd.edu.ar\/sitio\/wp-content\/uploads\/2025\/12\/Captura-de-pantalla-2025-12-17-145731-1-1536x580.png 1536w\" sizes=\"(max-width: 1758px) 100vw, 1758px\" \/><\/figure>\n\n\n\n<p>4 a\u00f1os. Resoluci\u00f3n Ministerial N\u00ba528\/09<\/p>\n\n\n\n<p>PRIMER A\u00d1O<br>\uf0d8 Pedagog\u00eda (Anual-Materia)<br>\uf0d8 Sociolog\u00eda de la Educaci\u00f3n (Anual-Materia)<br>\uf0d8 Psicolog\u00eda y Educaci\u00f3n (Anual-Materia)<br>\uf0d8 Historia Argentina y Latinoamericana (1\u00ba Cuatrimestre-Materia)<br>\uf0d8 Movimiento y Cuerpo (Anual- Taller)<br>\uf0d8 Comunicaci\u00f3n y Expresi\u00f3n Oral y Escrita (Anual \u2013 Taller)<br>\uf0d8 Resoluci\u00f3n y Problemas y Creatividad (1\u00ba cuatrimestre \u2013 Taller)<br>\uf0d8 Ciencias Naturales para una cultura ciudadana (2\u00ba cuatrimestre \u2013 Taller)<br>\uf0d8 Problem\u00e1tica de las Ciencias Sociales (2\u00ba cuatrimestre \u2013 Taller)<br>\uf0d8 \u00c1rea Est\u00e9tico Expresiva (Anual \u2013 Taller)<br>\uf0d8 Problem\u00e1tica Contempor\u00e1neas de la Educaci\u00f3n Primaria (Anual &#8211; Taller)<br>\uf0d8 Taller de Producci\u00f3n Pedag\u00f3gica (Anual \u2013 Taller)<br>\uf0d8 Taller de Practica I (Anual \u2013 Taller)<\/p>\n\n\n\n<p>SEGUNDO A\u00d1O<br>\uf0d8 Did\u00e1ctica General (Anual \u2013 Materia)<br>\uf0d8 Filosof\u00eda de la Educaci\u00f3n (1\u00ba Cuatrimestre \u2013 Materia)<br>\uf0d8 Conocimiento y Educaci\u00f3n (2\u00ba Cuatrimestre \u2013 Materia)<br>\uf0d8 Movimiento y Cuerpo II (Anual \u2013 Taller)<br>\uf0d8 Taller de Pr\u00e1ctica II (Anual \u2013 Taller)<br>\uf0d8 Matem\u00e1tica y su did\u00e1ctica I (Anual\u2013 Materia)<br>\uf0d8 Ciencias Naturales y su did\u00e1ctica I (Anual \u2013 Materia)<br>\uf0d8 Ciencias Sociales y su did\u00e1ctica I (Anual \u2013 Materia)<br>\uf0d8 Lengua y su did\u00e1ctica I (Anual \u2013 Materia)<br>\uf0d8 Sujeto de la Educaci\u00f3n Primaria (Anual \u2013 Materia)<br>\uf0d8 Taller de Pr\u00e1ctica II (Anual \u2013 taller)<\/p>\n\n\n\n<p>TERCER A\u00d1O<br>\uf0d8 Tecnolog\u00edas de la Informaci\u00f3n y la Comunicaci\u00f3n (Anual \u2013 Materia)<br>\uf0d8 Historia Social de la Educaci\u00f3n y Pol\u00edtica Educativa Argentina (Anual \u2013 Materia)<br>\uf0d8 Taller de Pr\u00e1ctica III (Anual \u2013 Taller)<br>\uf0d8 Matem\u00e1tica y su did\u00e1ctica II (Anual \u2013 Materia)<br>\uf0d8 Ciencias Naturales y su did\u00e1ctica II (Anual \u2013 Materia)<br>\uf0d8 Ciencias Sociales y su did\u00e1ctica II (Anual \u2013 Materia)<br>\uf0d8 Literatura y su did\u00e1ctica (1\u00ba Cuatrimestre. \u2013 Materia)<br>\uf0d8 Alfabetizaci\u00f3n Inicial (2\u00ba Cuatrimestre \u2013 Materia)<br>\uf0d8 \u00c1rea Est\u00e9tico Expresiva II (Anual \u2013 Taller)<br>\uf0d8 Problem\u00e1ticas Contempor\u00e1neas de la Educaci\u00f3n Primaria II (Anual \u2013 Seminario- Taller)<br>\uf0d8 Espacio de Definici\u00f3n Institucional I y II (Anual \u2013 Seminario-Taller)<br><\/p>\n\n\n\n<p>CUARTO A\u00d1O<br>\uf0d8 \u00c9tica, Trabajo Docente \u2013 Derechos Humanos y Ciudadan\u00eda (Anual \u2013Materia)<br>\uf0d8 Sexualidad Humana y Educaci\u00f3n (1\u00ba Cuatrimestre\u2013 Seminario)<br>\uf0d8 Taller de Pr\u00e1ctica IV (Anual \u2013 Taller)<br>\uf0d8 Ateneo:<br>\uf0d8 Matem\u00e1tica<br>\uf0d8 Ciencias Naturales<br>\uf0d8 Ciencias Sociales<br>\uf0d8 Lengua y Literatura<br>\uf0d8 Formaci\u00f3n \u00c9tica y Ciudadana<\/p>\n\n\n\n<p><br>Nota: Itinerarios por el mundo de la cultura y Producci\u00f3n Pedag\u00f3gica, son espacios de trabajo<br>transversal e integrador de las distintas disciplinas presentes en los 4 a\u00f1os.<br><\/p>\n","protected":false},"excerpt":{"rendered":"<p>4 a\u00f1os. Resoluci\u00f3n Ministerial N\u00ba528\/09 PRIMER A\u00d1O\uf0d8 Pedagog\u00eda (Anual-Materia)\uf0d8 Sociolog\u00eda de la Educaci\u00f3n (Anual-Materia)\uf0d8 Psicolog\u00eda y Educaci\u00f3n (Anual-Materia)\uf0d8 Historia Argentina y Latinoamericana (1\u00ba Cuatrimestre-Materia)\uf0d8 Movimiento y Cuerpo (Anual- Taller)\uf0d8 Comunicaci\u00f3n y Expresi\u00f3n Oral y Escrita (Anual \u2013 Taller)\uf0d8 Resoluci\u00f3n y Problemas y Creatividad (1\u00ba cuatrimestre \u2013 Taller)\uf0d8 Ciencias Naturales para una cultura ciudadana (2\u00ba cuatrimestre &#8230; <a title=\"Plan de estudios\" class=\"read-more\" href=\"https:\/\/ispi4035-sfe.infd.edu.ar\/sitio\/plan-de-estudios\/\" aria-label=\"M\u00e1s en Plan de estudios\">[+]<\/a><\/p>\n","protected":false},"author":10,"featured_media":0,"parent":0,"menu_order":0,"comment_status":"closed","ping_status":"closed","template":"","meta":[],"_links":{"self":[{"href":"https:\/\/ispi4035-sfe.infd.edu.ar\/sitio\/wp-json\/wp\/v2\/pages\/1027"}],"collection":[{"href":"https:\/\/ispi4035-sfe.infd.edu.ar\/sitio\/wp-json\/wp\/v2\/pages"}],"about":[{"href":"https:\/\/ispi4035-sfe.infd.edu.ar\/sitio\/wp-json\/wp\/v2\/types\/page"}],"author":[{"embeddable":true,"href":"https:\/\/ispi4035-sfe.infd.edu.ar\/sitio\/wp-json\/wp\/v2\/users\/10"}],"replies":[{"embeddable":true,"href":"https:\/\/ispi4035-sfe.infd.edu.ar\/sitio\/wp-json\/wp\/v2\/comments?post=1027"}],"version-history":[{"count":1,"href":"https:\/\/ispi4035-sfe.infd.edu.ar\/sitio\/wp-json\/wp\/v2\/pages\/1027\/revisions"}],"predecessor-version":[{"id":1028,"href":"https:\/\/ispi4035-sfe.infd.edu.ar\/sitio\/wp-json\/wp\/v2\/pages\/1027\/revisions\/1028"}],"wp:attachment":[{"href":"https:\/\/ispi4035-sfe.infd.edu.ar\/sitio\/wp-json\/wp\/v2\/media?parent=1027"}],"curies":[{"name":"wp","href":"https:\/\/api.w.org\/{rel}","templated":true}]}}